 units digit of (-174)/b + (-4)/p?
8
Let r be (4/3)/((-2)/(-3)). Suppose -5*m + 2 - 6 = -r*l, 0 = -m + 3*l - 6. What is the tens digit of 17 + m + (-3 - -5)?
1
Let o be (0 + 0)*5/(-10). Let l(u) = 2*u**2 - 4. Let r be l(-4). Suppose -r = -o*p - 2*p. What is the tens digit of p?
1
Suppose -2*k + 1 + 7 = 0. Suppose -179 = -3*g - 2*o + k*o, -2*g + 5*o + 101 = 0. What is the tens digit of g?
6
Let v(r) = 2*r + 7. Let i be v(-10). Let t(n) = -n**2 - 14*n - 3. Let f be t(i). Let x = -5 + f. What is the units digit of x?
5
Let g(o) = 811*o**3 + 3*o - 2. What is the hundreds digit of g(1)?
8
Let q = -1065 - -1434. What is the hundreds digit of q?
3
Let z = 44 + -50. Let s(m) = 4*m**2 + 20. What is the tens digit of s(z)?
6
Let h be 7 + (-2 - 1) - 3. Let b be (0/h)/(-1 + 3). Suppose b = 5*f + m - 114, -4*m = 4*f - 154 + 50. What is the tens digit of f?
2
Suppose -21909 = -26*m + 29805. What is the tens digit of m?
8
Suppose -34*w + 14890 = 3*k - 32*w, 4940 = k - 4*w. What is the tens digit of k?
6
Let u = 22 + -10. Suppose u*p - 354 = -18. What is the units digit of p?
8
Suppose -4*l = 3*g + 6, 3*g + 5*l + 9 = -0. Suppose -2 = -g*r - 14. What is the tens digit of (-170)/r - 10/(-15)?
2
Let n = -341 - -347. Suppose 3 + 3 = 3*r. Suppose r*c + 88 = n*c. What is the units digit of c?
2
Let k be 12/42 + 6/(-21). Let t be 495/(k - 3)*1. What is the units digit of 6/((-18)/t) + 0?
5
Let b = -14 - -246. What is the units digit of b?
2
Let v be 2/4*0/(-3). Suppose 0 = -h - 2, -q + 2*q - 2*h + 38 = 0. What is the tens digit of v + -6 + 4 - q?
4
Let t(r) = 1094*r**2 + r - 1. What is the tens digit of t(-1)?
9
Suppose 0 = -16*s + 12*s + 8100. What is the units digit of s/(-15)*6/(-10)?
1
Suppose -16*j + 25303 = -4153. What is the units digit of j?
1
Suppose -3*f - 3 + 7 = -m, 4*m = f + 17. Suppose -4*o - 20 = 0, f*t - 4*o - 415 = -2*o. What is the units digit of t?
5
Let v be 60/(-3) + -2 + 3 + -2. What is the units digit of (-4545)/(-21) + (3 - (-51)/v)?
7
What is the hundreds digit of (-62847)/(-33) + (-42)/(-77) + 7?
9
Suppose 4*h + 4 = 11*w - 7*w, 0 = w + 4*h - 11. Let p(j) = 104*j + 2. What is the hundreds digit of p(w)?
3
Suppose k - 14 = 3*b, 4*b + 32 = 2*k - b. Let a = k - -64. What is the tens digit of a?
9
Suppose 0 = 12*i - 9*i - 18. Suppose -f = -i - 38. What is the units digit of f?
4
Suppose 5*r = 4*k + r - 896, 0 = 3*k - 2*r - 668. Let o = k - 64. What is the units digit of o?
6
Suppose 535 + 444 = h - 5*y, -h - 5*y = -989. What is the units digit of h?
4
Let o be (3/2)/((-9)/(-30)). Let s be (24/15)/(2/o). Suppose -12 = -4*x + 4*q + s, -4*x - 2*q + 16 = 0. What is the units digit of x?
4
Let m(u) = -26*u - 8. What is the hundreds digit of m(-6)?
1
Suppose -9*c = -2*c - 119. Suppose c*r - 515 = 12*r. What is the units digit of r?
3
Let x = 51 - -525. What is the hundreds digit of x?
5
Suppose -3*b - 32 = 3*j - b, 34 = -3*j - b. Let s be 2/(-3) + (-32)/j. Suppose 0 = -s*w + w + 16. What is the tens digit of w?
1
Let i(c) = -7*c - 14. Let b(g) = -7*g - 13. Let d(j) = -3*b(j) + 4*i(j). What is the tens digit of d(-5)?
1
Let o be (2/(-4))/((-3)/264*4). Let f = 18 + o. What is the tens digit of f?
2
Suppose 3*l - 534 = 654. What is the tens digit of l?
9
Suppose 3*q - q = 10. Suppose 0*b = q*b + 85. Let j = b - -86. What is the units digit of j?
9
Suppose 0 = -15*r + 23*r - 4304. What is the units digit of r?
8
Suppose 623*o - 619*o = 7080. What is the hundreds digit of o?
7
Let c be (-33)/((12/(-8))/1). Suppose 0 = -3*n + 5*n - c. What is the tens digit of n?
1
Let q(u) = 17*u. Let v = 21 + -17. What is the tens digit of q(v)?
6
Let u = -60 + 24. Let i = 6 - u. What is the tens digit of i?
4
Suppose 0 = -5*z - 579 + 864. What is the units digit of z?
7
Suppose -17*h = 3415 - 12068. What is the tens digit of h?
0
Suppose -39 = -5*n + 2*n. Suppose d + 2 = 0, 0 = -m - 5*d + n + 20. What is the tens digit of m?
4
Let d(j) = -20*j - 1. Suppose i + 3*i = 0. Let t = i - 2. What is the tens digit of d(t)?
3
Let h(t) = -5*t**2 - 2 + 0 + 4*t**2 - t**3 - 3*t. Let d = -5 + 3. What is the units digit of h(d)?
8
Let g = 18 + -12. Suppose -g*s = -0*s - 252. What is the units digit of s?
2
Let k(r) = 4*r + 52. Let l(b) = -b**3 + 5*b**2 - 4*b. Let x be l(4). What is the tens digit of k(x)?
5
Suppose 0 = -2*n + 5*o - 7, o = -2*n - o - 42. Let p be (n/(-24))/((-4)/(-30)). Suppose 5 = 5*z, 0*a - p*a = -5*z - 15. What is the units digit of a?
4
Suppose 2204 = 4*k - 1040. What is the tens digit of k?
1
Let s = 30 + -27. Suppose -3*t + 198 = s*z, -4*t + z = -260 - 4. What is the units digit of t?
6
Suppose -28*c = -3*z - 27*c + 10505, -3*c = 3*z - 10497. What is the tens digit of z?
0
Let u = -51 + 122. What is the units digit of u?
1
Let f(r) = -r**3 + 17*r**2 + 4*r - 6. What is the hundreds digit of f(14)?
6
Suppose 3 = -4*l + 3*m, 9 = -2*l + 4*m - 5. Suppose -2*q = l*p + 10, 6 = -2*p + 5*q + 31. Suppose -3*r + 5 + 22 = p. What is the units digit of r?
9
Let a(k) = 2*k**3 + 15*k**2 - 12*k - 2. What is the tens digit of a(6)?
9
Suppose 3*y = -3*y + 306. What is the hundreds digit of -12*(-2)/(-6)*y/(-2)?
1
Suppose -13 = -c + 4*t, 3*t = t - 8. What is the units digit of 0 + 9 + -1 + c?
5
Suppose 811 - 706 = 3*z. What is the units digit of z?
5
What is the units digit of ((-199260)/21)/(-6) + 15/(-35)?
1
Suppose l = 2*l - 4. Suppose t - 13 = u - 6*u, 0 = -3*u - l*t + 1. Let j = u - -2. What is the units digit of j?
5
Let g(l) = -l**3 - l**2 - l + 12. Let h be g(0). Suppose 4*v - 9 + 36 = -5*n, -v + h = -5*n. What is the units digit of (-70)/21*n*3?
0
Let g(l) = -l**3 - 2*l - 3. Let t be g(-2). Let h be 3/((t/5)/3). Suppose -h*w = -2*u - 45, -8 = -3*w + 6*u - u. What is the units digit of w?
1
Let y be ((-9)/27)/((-1)/6). Suppose -2*s = -4*s - y*n + 108, 0 = s + 3*n - 46. What is the units digit of s?
8
Let u = 780 + -435. What is the units digit of u?
5
Let y be 22/(-11) - (5 - 2)*-1. Let a(h) = -6*h + 8. Let c be a(-5). Suppose -y = -m, c = -2*z - 3*m + 171. What is the tens digit of z?
6
Let t(u) = 2*u**2 + 2*u - 3. Let j(z) = -z**2 + 4*z + 7. Let f be j(5). Suppose 2*o - 4*l = -20, f*o + 3*o - 5*l = -35. What is the units digit of t(o)?
1
Suppose 14*y = 8819 + 1345. What is the hundreds digit of y?
7
Suppose 73*n = 69*n + 2388. What is the hundreds digit of n?
5
Suppose 61*a = 54*a + 3934. What is the units digit of a?
2
Suppose -23*a + 18*a + 100 = 0. Suppose m = 2*x - a, -2*x + m + 28 = -4*m. What is the units digit of x?
9
Let q(r) = 8*r**2 + 5*r - 5. Let m be q(1). Let n = m - -38. What is the tens digit of n?
4
Let r(t) = -24*t + 101. What is the tens digit of r(3)?
2
Let j be 8/(3 + -1) + -3. Let q be 1 - (-27 - j - -3). Suppose q = a - 2*m, -a + 24 = -3*m - 7. What is the units digit of a?
6
Let j(m) be the first derivative of -m**3/3 - 3*m**2/2 - m - 12. Let u be j(-5). What is the units digit of 5/(-10)*(1 + u)?
5
Suppose 5*l + 470 = 5*a, -109*l + 113*l = 5*a - 467. What is the tens digit of a?
9
Suppose 179*d - 190*d + 4092 = 0. What is the units digit of d?
2
Suppose 95*j = 106*j - 14652. What is the hundreds digit of j?
3
Let y(w) = -w**3 - 2*w**2 - w + 528. Let f be y(0). Suppose 5*n = -n + f. What is the tens digit of n?
8
Let m(q) = 43*q. Let p = 154 + -152. What is the units digit of m(p)?
6
Let z(n) = 47*n - 21*n - 10 + 13*n**2 - 26*n. What is the units digit of z(5)?
5
What is the thousands digit of (((-6)/(-15))/1)/(9/32445)?
1
Let a(h) = 356*h + 14. Let o(g) = -71*g - 3. Let c(s) = 3*a(s) + 16*o(s). What is the units digit of c(-3)?
8
Let l(f) = f**2 - 4*f - 1. Let q be l(4). Suppose n + 3*o - 21 = -2*o, 4*o = 4*n - 12. What is the tens digit of q/2 - (-141)/n?
2
What is the tens digit of (442/(-153)*-6)/((-4)/(-6))?
2
Let v(a) = -4*a - 12. Let l be v(-10). Suppose t - 4 = 0, -t - 80 = -2*m - l. Suppose -5*q - m = -6*q. What is the tens digit of q?
2
Suppose -9773 = -22*d + 237. What is the tens digit of d?
5
Suppose 0 = -q + 887 + 146. What is the hundreds digit of q?
0
What is the units digit of (-6 - 147/(-28))*-72?
4
Let g(o) = 72*o - 14. What is the tens digit of g(1)?
5
Suppose 162*h - 10696 = 148*h. What is the hundreds digit of h?
7
Suppose -119*c = -109*c - 3930. What is the hundreds digit of c?
3
Suppose 2*b - 20 = 6. Let h = -12 + b. What